t + t - 4. Suppose t = 2*y - 2. Suppose 0 = 2*v + 2*i - 12, 0 = v - i + 6*i - y. What is the greatest common factor of 7 and v?
7
Suppose 20 = -4*f, 0 = -5*s - 7*f + 8*f + 115. What is the greatest common divisor of s and 66?
22
Let w(q) = 2*q + 52. Let m be w(-8). What is the highest common divisor of m and 360?
36
Let d be (70/(-30) + 16/12)*-1173. What is the greatest common factor of d and 69?
69
Suppose -196*o + 201*o - 40 = 0. Calculate the highest common divisor of o and 76.
4
Suppose -24*f - 20 = -19*f, -4*f + 3 = p. Suppose 2 = -3*n - 7, 120 = 2*o - 2*n. What is the highest common factor of p and o?
19
Suppose 0 = -2*x + 5*w + 64, 22*x + 50 = 25*x + 4*w. Calculate the highest common divisor of x and 990.
22
Let x(o) = 13*o - 12. Let g be x(3). Let a be (-2 + 3)*(g + -5). What is the highest common divisor of 22 and a?
22
Suppose 2*s + 3 + 5 = 0. Let i(a) = 3*a**2 - 33*a - 23. Let w be i(12). Let p = w + s. Calculate the highest common factor of 9 and p.
9
Let b be 3 + 5 + -3 + 1. Let t(a) = a - 6. Let x be t(b). Let v(j) = j**3 - j**2 + j + 85. Let i be v(x). What is the highest common divisor of i and 17?
17
Let d be (-4)/10 - (0 + (-1221)/15). What is the greatest common divisor of 54 and d?
27
Let c be 105/(-14)*(-1)/((-3)/(-20)). Suppose 560 = 2*j + 12*j. Calculate the highest common divisor of c and j.
10
Suppose -5*k + 116 = 4*s + 44, -2*k + s + 21 = 0. Calculate the highest common divisor of 4 and k.
4
Let p be 2 + 10*8 + (16 - 12). Let i = 154 - p. Calculate the highest common divisor of i and 34.
34
Suppose 5*g - 6 - 4 = 0. Suppose r + g*r + 4*s = 2, -15 = -5*r + 5*s. What is the highest common factor of 8 and r?
2
Suppose -143*m + 504 = -129*m. What is the greatest common divisor of m and 1152?
36
Suppose 6 = -5*i - p, 4*i - 3*p + 22 = 2. Let x be (104/(-16))/(i/4). Suppose -4*a + 35 = -x. What is the greatest common divisor of 3 and a?
3
Let g(b) = b**2 + 7*b + 184. Let x be g(-14). Calculate the highest common divisor of x and 47.
47
Let t = 18 - 35. Let j = t + 13. Let v be -1*(j + 2 + 0). What is the greatest common divisor of v and 1?
1
Let y(w) be the third derivative of w**6/60 - w**5/20 + w**4/6 - 2*w**3/3 - 8*w**2. Let n be y(3). Calculate the greatest common factor of n and 5.
5
Let t = -31 + 27. Let m = 25 + t. What is the greatest common divisor of m and 3?
3
Let k(o) = -3*o - 54. Let s be k(-19). Suppose -s*n - 4*u = -15, -u + 0 + 6 = 3*n. What is the greatest common factor of 2 and n?
1
Let c(x) = x**2 - 2*x + 180. Let t be c(0). What is the highest common factor of t and 20?
20
Let q be (-24)/10*5/(-2). Let g be (12 + -4)/(q/9). Suppose -2*d = -5*d + 180. Calculate the greatest common factor of d and g.
12
Let d = 1817 + -1564. What is the highest common factor of 22 and d?
11
Suppose -3*l - 63 = -n + 2*n, -280 = 4*n - 2*l. Let p = 85 + n. What is the highest common factor of p and 48?
16
Suppose 0 = -3*v + 4*m + 56, -4*v - 3*m + 58 + 25 = 0. What is the highest common divisor of v and 2150?
10
Let d = -9 - -55. Suppose -4*y + 122 + d = 0. Calculate the greatest common divisor of y and 14.
14
Suppose -11*k + 10*k = -4. Suppose 2*n + 588 = 7*n + 3*s, -5*n = k*s - 584. Calculate the greatest common divisor of 80 and n.
40
Suppose -q + 3*b = 25 - 9, 5*b - 64 = 4*q. Let m be 1 - ((-8)/2)/1. Let d be 79/m - q/80. What is the greatest common factor of d and 24?
8
Let q(d) = 3*d**2 - 3*d. Let i be q(2). Let u(p) = p**2 - 4*p - 7. Let m be u(i). Let f be 3/2 + m/(-10). What is the greatest common factor of f and 1?
1
Let h = -413 + 447. Calculate the greatest common divisor of 255 and h.
17
Let y = -24 + 26. Suppose -25 + 179 = y*d. Calculate the greatest common divisor of d and 11.
11
Let d = -83 + 275. Calculate the greatest common divisor of 12 and d.
12
Suppose -307*o = -303*o - 880. Calculate the highest common factor of 352 and o.
44
Let m(g) = -7*g - 7. Let v be m(-6). Suppose 25*d - 432 = -307. What is the highest common factor of d and v?
5
Let d be -3 + 16/(-4)*17. Let i = d - -134. Calculate the greatest common divisor of 9 and i.
9
Let h = -10 + 22. Suppose -2*l - 4 = 5*p, l - 5*l = 5*p - h. What is the greatest common factor of l and 48?
8
Let f be (-10)/5 - (0 - 12). Suppose 5*r = c + 2*r - 55, 2*r = f. What is the greatest common divisor of 14 and c?
14
Let p = -108 - -63. Let y be (1 - p)*2/(-4). Let k = -15 - y. Calculate the greatest common factor of 16 and k.
8
Let u = -817 + 1689. What is the greatest common divisor of 8 and u?
8
Let u(m) = -5*m - 1. Let p be u(-1). Suppose 5*b = p*r - 53, 2*r - 37 - 2 = 5*b. Let n be (14/4)/(426/60 - 7). What is the highest common divisor of n and r?
7
Let t = 14 + -41. Let u = 61 - 99. Let r = t - u. Calculate the greatest common divisor of r and 121.
11
Let h be (-4 - -48)*(-10)/(-4). Suppose 5*y + 2*p = 54, -4*y + 5*y = -p + 12. What is the greatest common divisor of h and y?
10
Let t(y) = y**2 - y - 28. Let d be t(0). Let r be 36*d/48*-3. What is the highest common factor of 7 and r?
7
Let x = -14 - -19. Suppose 5*u = 4*d + 26 + 6, -x*u - 4*d + 8 = 0. What is the greatest common divisor of 4 and u?
4
Suppose -31*d = -10*d - 189. Calculate the highest common factor of d and 120.
3
Suppose -10 = -4*w - w. Let l be 6*(-3)/(-9)*7. Calculate the greatest common factor of w and l.
2
Let j(w) = 18 - 72*w + 145*w - 75*w + w**2. Let t be j(9). Let x(d) = 2*d**2 + 2*d - 3. Let p be x(-3). Calculate the greatest common factor of t and p.
9
Suppose 0 = -4*t - 5*y + 28, -3*t + 0*y - 6 = -3*y. Let r be (65/(-2))/((-1)/t). Calculate the highest common factor of r and 13.
13
Let k(j) = -4*j**2 - 2*j + 2. Let r be k(-2). Let o be 50 + -4*(-5)/r. Let n be (-129 - -1)/(-4) + 0. Calculate the greatest common factor of o and n.
16
Suppose x - 2 = 34. Let z = 76 + -74. Suppose -5*t - s = -362, -2*t + 117 = -z*s - 23. Calculate the greatest common divisor of x and t.
36
Suppose -2*f = 2*y + 2, -17 = -3*f - 2*y + 4*y. Suppose 76 - 22 = f*m. Calculate the greatest common factor of 45 and m.
9
Let h(l) = -l**2 - 2*l + 20. Let x be h(6). Let j be 60/x*12/(-10)*28. What is the greatest common factor of 108 and j?
36
Let s be (2 + 0)/((-4)/74). Let q = 2 - s. Let v = 303 + -290. What is the highest common factor of q and v?
13
Let s(n) = 9*n**2 + 2*n + 1. Let o be s(3). Let a = 62 - 66. Let f be 2/a + (-23)/(-2). Calculate the greatest common factor of o and f.
11
Let l = -22 + 24. Suppose 4*x - 2*g - l*g - 140 = 0, 4*g = 2*x - 70. What is the greatest common divisor of x and 105?
35
Suppose 20*t - 18 = 14*t. What is the highest common divisor of 101 and t?
1
Let s be 1 + 1*-4 - -6. Let l(p) = 2*p - 2. Let d be l(s). Suppose -a + 28 = 4*n, 0 = -2*a - 3*n + 27 + 9. What is the greatest common factor of a and d?
4
Suppose -5*f + 4*h = 8*h - 790, 3*f + h - 467 = 0. What is the greatest common factor of f and 22?
22
Suppose 5*d - 145 = -5*o - 0*d, -4*o = -2*d - 92. What is the highest common divisor of o and 2825?
25
Let k = 431 + -365. Calculate the highest common divisor of 264 and k.
66
Let y = 1695 + -1146. Calculate the highest common factor of y and 36.
9
Let p(v) = 10*v - 138. Let x be p(20). Calculate the greatest common divisor of 1116 and x.
62
Let s = 476 + -452. What is the highest common factor of 1032 and s?
24
Let q = 2162 + -1790. What is the highest common divisor of 24 and q?
12
Suppose -10 = -5*y, -2*y + 14 = 2*j + y. Calculate the highest common factor of 14 and j.
2
Let p(k) = k**3 - 16*k**2 - 9*k + 24. Let u be p(17). Calculate the highest common divisor of u and 32.
32
Let a be 70 + 5/(25/20). Suppose a*d - 1 = 73*d. What is the greatest common factor of d and 9?
1
Let l(w) = 11*w - 228. Let f be l(25). What is the greatest common factor of f and 517?
47
Let p be (315 - (2 - 3)) + 2 + -3. Calculate the greatest common divisor of 35 and p.
35
Suppose -4*m + 328 = -4*s, 2*s = -8*m + 5*m + 256. Let v = 6 - -6. Calculate the greatest common divisor of v and m.
12
Let h = 3639 + -2134. Calculate the highest common factor of h and 35.
35
Suppose -j = 4*j + 80. Let c be 0/(j/4) + 2. Suppose -3*y = -c*z - z, 0 = -2*z + 4. What is the highest common divisor of 1 and y?
1
Let v be (6 - (-65)/(-10))*-2 + 3359. Calculate the greatest common factor of v and 70.
70
Let z be (-4)